se a = -21*r - 3. Let s(d) = -23*d**2 + 2*d + 1. What is s(r)?
-24
Suppose -p - 13 = -w, -30*p + 25*p = 4*w - 7. Let x(t) = -t**2 - 1. Let c(a) = 2*a**2 + 10*a - 4. Let r(o) = c(o) + 3*x(o). What is r(w)?
9
Let j(l) = 2*l**2 - 4*l + 295 - 684 + 339. What is j(0)?
-50
Let n(l) = l**2 + 34*l + 50. Let y be n(-32). Let t be 5/(9 + y) - 6. Let m(u) = -u + 14. Give m(t).
21
Let j(d) = -d - 13. Let z(t) = -t**3 - 2*t**2 - 2*t + 2. Let u be z(-2). Let q be u + (20/(-1))/5. Suppose -y = 2*b + 1, -b - q = 4*b + 2*y. Give j(b).
-13
Suppose -8*i + 287 = -49*i. Let y(r) = r**3 + 2*r**2 - 35*r - 3. Give y(i).
-3
Let t(b) = -b**3 + 6*b**2 - 7*b. Suppose 12 = -38*q + 42*q + 2*g, 5*q - 6 = 2*g. Give t(q).
2
Suppose -15*b - 120 + 24 = 39. Let w(v) = -6*v - 14. Calculate w(b).
40
Let j be 10/4*(4 + -2). Let q(g) be the second derivative of -31 + 3*g - 3/2*g**2 - 1/2*g**3. Give q(j).
-18
Let l be (3 + 165/(-35))/(9/(-42)). Suppose 3*d = 4*y + 23, -l = -3*y + d - 19. Let z(w) = -w**3 - w**2 + 3*w + 1. Give z(y).
-1
Let p(z) = z + 3. Let f(s) be the second derivative of -s**5/20 + s**4/2 + 11*s**3/6 - 35*s**2/2 - 63*s. Let i be f(7). Determine p(i).
-4
Let d(p) = -21*p + 2*p - 6358 + 2*p**2 + 6368. Calculate d(9).
1
Suppose -11*q - 104 + 16 = 0. Let l(d) = -d + 9*d + 2*d - 9*d - 2. Calculate l(q).
-10
Suppose z + 9 = -r, -124*z + 122*z - 6 = -4*r. Let g(l) = l**2 + 8*l + 27. Determine g(z).
20
Let c(i) = -395*i - 1. Let k(d) = 799*d + 3. Let f(l) = 2*c(l) + k(l). Let w(u) = -u**3 + 2*u**2 - 2*u + 3. Let r be w(2). Give f(r).
-8
Let m(q) = 3*q**2 + 2*q + 1. Let j(z) = 7*z**2 + z - 4. Let i = 515 - 517. Let n(o) = i*m(o) + j(o). Give n(4).
-2
Let r(t) = -21*t + 5. Let d(y) = 338*y - 1348. Let k be d(4). Give r(k).
-79
Suppose 5*q + 3*a - 5 = 0, -q + 12 = -a + 19. Suppose 2*z = 7*z - 10. Let r(w) = 2 - 4*w**z - 4 + 6*w**2 + w. Give r(q).
4
Suppose -5*g = -2*r - 56, -9 = 5*r - 2*r. Let t(c) be the first derivative of -15 - g*c**2 + c + 1 + 11*c**2. What is t(3)?
7
Let r(d) = -21 - 127 + 185 + 11*d. What is r(-7)?
-40
Suppose -2*x - 6 = 3*o - 7*o, -9 = -5*x + 2*o. Let b(j) = j - 8 - 1 - x*j + 3*j**2 + 10. Give b(1).
2
Suppose -2*g - 1614 = 4*x, 15*g = 5*x + 13*g + 2022. Let y = 399 + x. Let m(f) = f**3 + 6*f**2 + 2*f - 6. Calculate m(y).
9
Let b(a) = a**3 - 7*a**2 + 3*a + 6. Let u(n) = -n**2 + 8*n + 30. Let s be u(14). Let m be ((-8)/(-6))/(159/s - -3). Suppose 5*z - m = z. Give b(z).
-12
Let q(v) be the second derivative of -v**7/2520 - v**6/90 + 7*v**5/120 + v**4/6 - 9*v**2/2 + 7*v + 2. Let b(s) be the third derivative of q(s). Determine b(-8).
7
Let o = 7805 - 7803. Let i(t) = -t + 1. Let z(q) = 15*q. Let x(w) = 2*i(w) + z(w). What is x(o)?
28
Let g(a) be the first derivative of 8*a**2 + 270*a - 3369. Calculate g(-17).
-2
Let g(x) = -2*x + 7*x + 8 + 5*x**2 + x - x**3. Let z = 65653 + -65647. Give g(z).
8
Let d be ((-136)/20 - -6)/(4/(-10)). Let p(w) = 2 - 1 + 32*w - 31*w + 0 - w**d. Calculate p(0).
1
Let g(p) be the first derivative of p**4/4 - 7*p**3 + 12*p**2 - 44*p - 316. Determine g(20).
36
Let t(i) = -9*i**3 + 3*i - 1. Let l(k) = -k**3 - 1 + 74*k - 9*k**3 - 70*k. Let c(z) = 2*l(z) - 3*t(z). Determine c(1).
7
Let y(q) = q**2 - 13*q - 14. Let b be (-17)/408*-306 - (-3)/12. Give y(b).
-14
Let w(y) be the first derivative of -2*y**3/3 + 5*y**2/2 - 4*y - 1452. What is w(3)?
-7
Let b(x) = -3*x**2 + 10*x + 1. Let s be (6/(-9))/(20/9 - 2). Calculate b(s).
-56
Suppose 8*y - 155 + 2155 = 0. Let p = y + 243. Let z(o) = 7*o + 4. What is z(p)?
-45
Let j(a) = -a**3 + 8*a**2 - 3*a - 9. Let v = 339 + -357. Let i(m) = 13*m + 241. Let g be i(v). Give j(g).
19
Let f(g) = -207 + 4*g - 144 - 156 + 435. Calculate f(22).
16
Let t = 18 + 17. Suppose 5*b = z + b + 12, 5*b - 15 = z. Suppose z = r - t + 37. Let j(x) = 5*x + 2. Determine j(r).
-8
Let m(a) be the second derivative of -1/8*a**4 - 14*a + 0*a**2 - 1/40*a**5 - 3*a**3 + 0. Let u(x) be the second derivative of m(x). Calculate u(-5).
12
Let g(c) = 97 + c**3 - 278 + 130 + 34*c + 23*c**2 + 8*c + 102. Calculate g(-21).
51
Let z(l) = -l + 5. Suppose -3*g - c - 101 = -30, 0 = -3*g + 5*c - 41. Let m = 13 - 31. Let w = m - g. Calculate z(w).
1
Suppose 3*q - 24 = 6*q + 3*f, -5*f = 15. Suppose 26 = -3*j + 32. Let y(w) = 1 + j + 261*w - 507*w + 2*w**2 + 252*w. Give y(q).
23
Let g(v) = -v**2 + 24*v - 24. Let k be g(21). Suppose 29*z - k*z + 60 = 0. Let s(h) = h**3 - 4*h**2 - 10*h + 7. What is s(z)?
19
Suppose -10*n + 7*n + 9 = 0. Suppose 3*i + 0*i = -n*y + 66, -35 = -2*y + i. Let m(t) = y - 3*t + 2*t**2 + 3*t**3 - 4*t**3 + 4*t**2 - 23. Determine m(5).
6
Let u be ((-2)/(-5))/((-12)/(-15))*6. Suppose 5*k - 4 = 4*a + 1, -u*k + 3 = a. Let s(b) = -b**3 - 2*b - 2*b**3 + 0*b + 1 + 7*b**3. What is s(k)?
3
Let g(t) = -4*t. Let l be 4 + -2 + -1 - (11 - 1060). Let h = l - 1049. Give g(h).
-4
Let p(b) be the first derivative of -3/2*b**2 + 4*b + 302. What is p(-6)?
22
Let h(b) be the first derivative of 28*b - 1/2*b**2 + 24 + b**3. Let a(c) be the first derivative of h(c). Give a(-3).
-19
Let k(f) = -18*f**2 + 58*f - 9. Let y(g) = -18*g**3 - 918*g**2 - 4*g - 201. Let r be y(-51). Determine k(r).
3
Let n(b) = 8*b**3 - 37*b**2 - 9. Let w(x) = -3*x**3 + 17*x**2 + 5. Let o(m) = 4*n(m) + 10*w(m). Give o(-11).
14
Let y(a) = -a**3 + 11*a**2 - 3*a + 30. Suppose -3*g - 71 + 104 = 0. Let z be y(g). Let r(u) = -2*u**2 - 5*u + 1. Determine r(z).
-2
Suppose -3*f - 8 = q, -4*f = -0*q - q + 20. Let i(y) = 2*y**2 - 8*y - 13. Let n be i(q). Let u(w) = w**3 + 12*w**2 - 14*w - 15. What is u(n)?
-2
Suppose 26 - 21 = 7*k + 26. Let n(z) = -2*z**3 + z**2 + 6*z - 1. Determine n(k).
44
Suppose 3*k - 20 = 2*k. Let z = k + -12. Let c be (6/z)/((-3)/(-12)). Let t(s) = 2*s - 4. Determine t(c).
2
Let b(n) = -n**2 + 10*n + 2. Let g(p) = 4 + 1 + 535*p**2 + 2*p - 527*p**2. Let f be g(-1). Calculate b(f).
-9
Let g = 794 + -766. Let y(i) = -i**3 + 28*i**2 - i + 35. Let t be y(g). Let b(h) = h**3 - 8*h**2 + 4*h + 14. Determine b(t).
-7
Let r(s) = s**2 - 5*s - 38. Let t(d) = 3*d**2 - 166*d + 1907. Let p be t(39). What is r(p)?
-2
Let o = -2 + 4. Suppose -c - 2*c - 12 = 3*j, -4*j - 22 = -o*c. Let s(u) = -154*u - 31. Let t(a) = 55*a + 11. Let i(n) = 6*s(n) + 17*t(n). Calculate i(c).
12
Let i(o) = 22*o**3 + 24*o**2 - 6*o + 109. Let x(z) = -7*z**3 - 8*z**2 + 2*z - 34. Let d(u) = 6*i(u) + 19*x(u). Determine d(-8).
-8
Let q(j) be the first derivative of -7*j**4/4 + 8*j**3/3 + 13*j**2/2 + 61. Let l(h) = h**3 - 2*h. Let k(z) = 6*l(z) + q(z). What is k(8)?
8
Let v(q) = -3*q + 1. Suppose 7*s - 9*s - 2 = 0. Let p(c) = 10*c - 11. Let o(i) = s*p(i) - 3*v(i). Determine o(8).
0
Let x = -1787 - -1795. Let w(d) = -31*d + d**2 + 0*d**2 + 11 + 24*d. Calculate w(x).
19
Let l(t) = t**3 - 14*t**2 + 5*t - 65. Let v be l(14). Let m(w) = 1 + w**2 + w**2 - 4*w**3 - 5*w + v*w**3. Let d = -11 - -7. Give m(d).
-11
Let k = -4343 + 4370. Let f(c) = -19*c + 513. Give f(k).
0
Let c be 8/(-8 + 4) - (-4 - -1). Let b be -2*c - (-1 + -4). Suppose u + u = 5*t - 1, -b*u + 1 = -5*t. Let y(m) = -5*m + 1. Give y(u).
-9
Let o(j) = -14*j**3 - 2*j + 1. Suppose 0 = 3*c + 3*z + 12, 5*z = -2*c - 0*z - 20. Suppose -3*s + 102 = -0*s. Suppose c = s*v - 31*v - 3. Determine o(v).
-15
Let k(z) be the third derivative of 0 + 1/30*z**5 + 1/8*z**4 - 1/60*z**6 + 1/6*z**3 + 0*z - 142*z**2. Determine k(-1).
2
Let u(k) = -k**2 + 6*k + 8. Suppose 3*h - 631 = -604. Give u(h).
-19
Let v(c) be the first derivative of -c**4/4 - 10*c**3/3 - 3*c**2 + 15*c + 451. Give v(-9).
-12
Suppose 0*v + 7 = 4*v + g, 3*v - 4*g = 10. Let t(i) = 2*i**2 + i**3 + 5 + 0 + 0 + 5 - v. Determine t(0).
8
Let d(q) = -3*q - 6. Let u be 4/22 + ((-234)/99)/2. Calculate d(u).
-3
Suppose -4*n - 20 = -4*f - 0*n, -2*f - 3*n + 5 = 0. Suppose -5*v + 4*y = -v - 24, -f*v - 4*y = 8. Let w(o) = -4*o**3 - 197*o**v + 197*o**2 - 1. Determine w(-1).
3
Let b(f) = 2*f**2 + 6 - 10*f**2 + 3*f**2 - 15 + 3*f**2 - 5*f. Determine b(-2).
-7
Let n(i) = -48*i - 1271. Let j(w) = 12*w + 321. Let q(t) = 25*j(t) + 6*n(t). Calculate q(-33).
3
Let f(u) = -6*u**3 + 9*u**2 - 42*u + 15. Let r(a) = -a**3 - a**2. Let d(o) = f(o) - 5*r(o). Determine d(10).
-5
Let n(g) be the first derivative of -14*g**2 + 0*g - 34 - 1/12*g**4 - 5/6*g**3. Let v(j) be the second derivative of n(j). Give v(-5).
5
Let f(u) = 11 - 21